{"id":545,"date":"2026-01-04T10:54:18","date_gmt":"2026-01-04T10:54:18","guid":{"rendered":"https:\/\/renovation-court-tennis.fr\/?page_id=545"},"modified":"2026-01-04T10:54:18","modified_gmt":"2026-01-04T10:54:18","slug":"renovation-court-de-tennis-chartres","status":"publish","type":"page","link":"https:\/\/renovation-court-tennis.fr\/index.php\/renovation-court-de-tennis-chartres\/","title":{"rendered":"r\u00e9novation court de tennis Chartres"},"content":{"rendered":"\n<h3 class=\"wp-block-heading\">Votre court de tennis \u00e0 Chartres r\u00e9nov\u00e9 et s\u00e9curis\u00e9<\/h3>\n\n\n\n<p>Nous intervenons pour <strong>tous types de terrains : b\u00e9ton poreux, r\u00e9sine synth\u00e9tique, terre battue et gazon synth\u00e9tique<\/strong>, pour :<\/p>\n\n\n\n<ul class=\"wp-block-list\">\n<li>Clubs sportifs<\/li>\n\n\n\n<li>\u00c9coles et universit\u00e9s<\/li>\n\n\n\n<li>Collectivit\u00e9s locales<\/li>\n\n\n\n<li>Particuliers exigeants<\/li>\n<\/ul>\n\n\n\n<p>\ud83d\udccd <strong>Zones : Chartres, Luc\u00e9, L\u00e8ves, Mainvilliers +250 km<\/strong><\/p>\n\n\n\n<p><strong>Services complets : construction, r\u00e9novation, r\u00e9g\u00e9n\u00e9ration, peinture, cl\u00f4ture, nettoyage, r\u00e9paration et entretien<\/strong>.<\/p>\n\n\n\n<hr class=\"wp-block-separator has-alpha-channel-opacity\"\/>\n\n\n\n<h3 class=\"wp-block-heading\">Services d\u00e9taill\u00e9s<\/h3>\n\n\n\n<ol class=\"wp-block-list\">\n<li><strong>Construction et r\u00e9novation compl\u00e8te<\/strong><\/li>\n\n\n\n<li><strong>R\u00e9g\u00e9n\u00e9ration et entretien r\u00e9gulier<\/strong><\/li>\n\n\n\n<li><strong>R\u00e9paration fissures et s\u00e9curit\u00e9<\/strong><\/li>\n\n\n\n<li><strong>Peinture et tra\u00e7age lignes selon normes FFT<\/strong><\/li>\n\n\n\n<li><strong>Cl\u00f4ture et filets neufs ou r\u00e9nov\u00e9s<\/strong><\/li>\n<\/ol>\n\n\n\n<hr class=\"wp-block-separator has-alpha-channel-opacity\"\/>\n\n\n\n<h3 class=\"wp-block-heading\">Zones desservies<\/h3>\n\n\n\n<p>Chartres, Luc\u00e9, L\u00e8ves, Mainvilliers, Blois, Tours, Orl\u00e9ans, Ch\u00e2teauroux, Bourges, Montargis<\/p>\n\n\n\n<hr class=\"wp-block-separator has-alpha-channel-opacity\"\/>\n\n\n\n<h3 class=\"wp-block-heading\">FAQ<\/h3>\n\n\n\n<ul class=\"wp-block-list\">\n<li>Types de surfaces r\u00e9nov\u00e9es<\/li>\n\n\n\n<li>D\u00e9lais et co\u00fbts<\/li>\n\n\n\n<li>Peinture et tra\u00e7age<\/li>\n\n\n\n<li>Entretien annuel<\/li>\n<\/ul>\n\n\n\n<hr class=\"wp-block-separator has-alpha-channel-opacity\"\/>\n\n\n\n<h3 class=\"wp-block-heading\">CTA<\/h3>\n\n\n\n<p>\ud83d\udcde <strong>Demandez votre devis gratuit pour votre court \u00e0 Chartres d\u00e8s maintenant !<\/strong><\/p>\n\n\n\n<h2 class=\"wp-block-heading\">construction terrain tennis Chartres, r\u00e9g\u00e9n\u00e9ration court tennis 28, entretien court tennis Chartres, peinture lignes tennis Chartres, r\u00e9paration terrain tennis Chartres, nettoyage court tennis Chartres, cl\u00f4ture terrain tennis Chartres<\/h2>\n","protected":false},"excerpt":{"rendered":"<p>Votre court de tennis \u00e0 Chartres r\u00e9nov\u00e9 et s\u00e9curis\u00e9 Nous intervenons pour tous types de terrains : b\u00e9ton poreux, r\u00e9sine [&hellip;]<\/p>\n","protected":false},"author":1,"featured_media":0,"parent":0,"menu_order":0,"comment_status":"closed","ping_status":"closed","template":"","meta":{"_seopress_robots_primary_cat":"","_seopress_titles_title":"","_seopress_titles_desc":"","_seopress_robots_index":"","om_disable_all_campaigns":false,"_monsterinsights_skip_tracking":false,"_monsterinsights_sitenote_active":false,"_monsterinsights_sitenote_note":"","_monsterinsights_sitenote_category":0,"site-sidebar-layout":"default","site-content-layout":"","ast-site-content-layout":"default","site-content-style":"default","site-sidebar-style":"default","ast-global-header-display":"","ast-banner-title-visibility":"","ast-main-header-display":"","ast-hfb-above-header-display":"","ast-hfb-below-header-display":"","ast-hfb-mobile-header-display":"","site-post-title":"","ast-breadcrumbs-content":"","ast-featured-img":"","footer-sml-layout":"","ast-disable-related-posts":"","theme-transparent-header-meta":"","adv-header-id-meta":"","stick-header-meta":"","header-above-stick-meta":"","header-main-stick-meta":"","header-below-stick-meta":"","astra-migrate-meta-layouts":"default","ast-page-background-enabled":"default","ast-page-background-meta":{"desktop":{"background-color":"var(--ast-global-color-5)","background-image":"","background-repeat":"repeat","background-position":"center center","background-size":"auto","background-attachment":"scroll","background-type":"","background-media":"","overlay-type":"","overlay-color":"","overlay-opacity":"","overlay-gradient":""},"tablet":{"background-color":"","background-image":"","background-repeat":"repeat","background-position":"center center","background-size":"auto","background-attachment":"scroll","background-type":"","background-media":"","overlay-type":"","overlay-color":"","overlay-opacity":"","overlay-gradient":""},"mobile":{"background-color":"","background-image":"","background-repeat":"repeat","background-position":"center center","background-size":"auto","background-attachment":"scroll","background-type":"","background-media":"","overlay-type":"","overlay-color":"","overlay-opacity":"","overlay-gradient":""}},"ast-content-background-meta":{"desktop":{"background-color":"var(--ast-global-color-4)","background-image":"","background-repeat":"repeat","background-position":"center center","background-size":"auto","background-attachment":"scroll","background-type":"","background-media":"","overlay-type":"","overlay-color":"","overlay-opacity":"","overlay-gradient":""},"tablet":{"background-color":"var(--ast-global-color-4)","background-image":"","background-repeat":"repeat","background-position":"center center","background-size":"auto","background-attachment":"scroll","background-type":"","background-media":"","overlay-type":"","overlay-color":"","overlay-opacity":"","overlay-gradient":""},"mobile":{"background-color":"var(--ast-global-color-4)","background-image":"","background-repeat":"repeat","background-position":"center center","background-size":"auto","background-attachment":"scroll","background-type":"","background-media":"","overlay-type":"","overlay-color":"","overlay-opacity":"","overlay-gradient":""}},"slim_seo":{"title":"r\u00e9novation court de tennis Chartres - R\u00e9novation et construction de courts de tennis","description":"Votre court de tennis \u00e0 Chartres r\u00e9nov\u00e9 et s\u00e9curis\u00e9 Nous intervenons pour tous types de terrains : b\u00e9ton poreux, r\u00e9sine synth\u00e9tique, terre battue et gazon synth"},"footnotes":""},"class_list":["post-545","page","type-page","status-publish","hentry"],"aioseo_notices":[],"yoast_head":"<!-- This site is optimized with the Yoast SEO plugin v26.6 - https:\/\/yoast.com\/wordpress\/plugins\/seo\/ -->\n<title>r\u00e9novation court de tennis Chartres - R\u00e9novation et construction de courts de tennis<\/title>\n<meta name=\"robots\" content=\"index, follow, max-snippet:-1, max-image-preview:large, max-video-preview:-1\" \/>\n<link rel=\"canonical\" href=\"https:\/\/renovation-court-tennis.fr\/index.php\/renovation-court-de-tennis-chartres\/\" \/>\n<meta property=\"og:locale\" content=\"fr_FR\" \/>\n<meta property=\"og:type\" content=\"article\" \/>\n<meta property=\"og:title\" content=\"r\u00e9novation court de tennis Chartres - R\u00e9novation et construction de courts de tennis\" \/>\n<meta property=\"og:description\" content=\"Votre court de tennis \u00e0 Chartres r\u00e9nov\u00e9 et s\u00e9curis\u00e9 Nous intervenons pour tous types de terrains : b\u00e9ton poreux, r\u00e9sine [&hellip;]\" \/>\n<meta property=\"og:url\" content=\"https:\/\/renovation-court-tennis.fr\/index.php\/renovation-court-de-tennis-chartres\/\" \/>\n<meta property=\"og:site_name\" content=\"R\u00e9novation et construction de courts de tennis\" \/>\n<meta name=\"twitter:card\" content=\"summary_large_image\" \/>\n<meta name=\"twitter:label1\" content=\"Dur\u00e9e de lecture estim\u00e9e\" \/>\n\t<meta name=\"twitter:data1\" content=\"1 minute\" \/>\n<script type=\"application\/ld+json\" class=\"yoast-schema-graph\">{\"@context\":\"https:\/\/schema.org\",\"@graph\":[{\"@type\":\"WebPage\",\"@id\":\"https:\/\/renovation-court-tennis.fr\/index.php\/renovation-court-de-tennis-chartres\/\",\"url\":\"https:\/\/renovation-court-tennis.fr\/index.php\/renovation-court-de-tennis-chartres\/\",\"name\":\"r\u00e9novation court de tennis Chartres - R\u00e9novation et construction de courts de tennis\",\"isPartOf\":{\"@id\":\"https:\/\/renovation-court-tennis.fr\/#website\"},\"datePublished\":\"2026-01-04T10:54:18+00:00\",\"breadcrumb\":{\"@id\":\"https:\/\/renovation-court-tennis.fr\/index.php\/renovation-court-de-tennis-chartres\/#breadcrumb\"},\"inLanguage\":\"fr-FR\",\"potentialAction\":[{\"@type\":\"ReadAction\",\"target\":[\"https:\/\/renovation-court-tennis.fr\/index.php\/renovation-court-de-tennis-chartres\/\"]}]},{\"@type\":\"BreadcrumbList\",\"@id\":\"https:\/\/renovation-court-tennis.fr\/index.php\/renovation-court-de-tennis-chartres\/#breadcrumb\",\"itemListElement\":[{\"@type\":\"ListItem\",\"position\":1,\"name\":\"Accueil\",\"item\":\"https:\/\/renovation-court-tennis.fr\/\"},{\"@type\":\"ListItem\",\"position\":2,\"name\":\"r\u00e9novation court de tennis Chartres\"}]},{\"@type\":\"WebSite\",\"@id\":\"https:\/\/renovation-court-tennis.fr\/#website\",\"url\":\"https:\/\/renovation-court-tennis.fr\/\",\"name\":\"R\u00e9novation et construction de courts de tennis\",\"description\":\"R\u00e9novation et construction de court  de tennis\",\"publisher\":{\"@id\":\"https:\/\/renovation-court-tennis.fr\/#organization\"},\"potentialAction\":[{\"@type\":\"SearchAction\",\"target\":{\"@type\":\"EntryPoint\",\"urlTemplate\":\"https:\/\/renovation-court-tennis.fr\/?s={search_term_string}\"},\"query-input\":{\"@type\":\"PropertyValueSpecification\",\"valueRequired\":true,\"valueName\":\"search_term_string\"}}],\"inLanguage\":\"fr-FR\"},{\"@type\":\"Organization\",\"@id\":\"https:\/\/renovation-court-tennis.fr\/#organization\",\"name\":\"R\u00e9novation et construction de courts de tennis\",\"url\":\"https:\/\/renovation-court-tennis.fr\/\",\"logo\":{\"@type\":\"ImageObject\",\"inLanguage\":\"fr-FR\",\"@id\":\"https:\/\/renovation-court-tennis.fr\/#\/schema\/logo\/image\/\",\"url\":\"https:\/\/renovation-court-tennis.fr\/wp-content\/uploads\/2025\/12\/cropped-838_gettyimages-699154801.jpg\",\"contentUrl\":\"https:\/\/renovation-court-tennis.fr\/wp-content\/uploads\/2025\/12\/cropped-838_gettyimages-699154801.jpg\",\"width\":838,\"height\":445,\"caption\":\"R\u00e9novation et construction de courts de tennis\"},\"image\":{\"@id\":\"https:\/\/renovation-court-tennis.fr\/#\/schema\/logo\/image\/\"}}]}<\/script>\n<!-- \/ Yoast SEO plugin. -->","yoast_head_json":{"title":"r\u00e9novation court de tennis Chartres - R\u00e9novation et construction de courts de tennis","robots":{"index":"index","follow":"follow","max-snippet":"max-snippet:-1","max-image-preview":"max-image-preview:large","max-video-preview":"max-video-preview:-1"},"canonical":"https:\/\/renovation-court-tennis.fr\/index.php\/renovation-court-de-tennis-chartres\/","og_locale":"fr_FR","og_type":"article","og_title":"r\u00e9novation court de tennis Chartres - R\u00e9novation et construction de courts de tennis","og_description":"Votre court de tennis \u00e0 Chartres r\u00e9nov\u00e9 et s\u00e9curis\u00e9 Nous intervenons pour tous types de terrains : b\u00e9ton poreux, r\u00e9sine [&hellip;]","og_url":"https:\/\/renovation-court-tennis.fr\/index.php\/renovation-court-de-tennis-chartres\/","og_site_name":"R\u00e9novation et construction de courts de tennis","twitter_card":"summary_large_image","twitter_misc":{"Dur\u00e9e de lecture estim\u00e9e":"1 minute"},"schema":{"@context":"https:\/\/schema.org","@graph":[{"@type":"WebPage","@id":"https:\/\/renovation-court-tennis.fr\/index.php\/renovation-court-de-tennis-chartres\/","url":"https:\/\/renovation-court-tennis.fr\/index.php\/renovation-court-de-tennis-chartres\/","name":"r\u00e9novation court de tennis Chartres - R\u00e9novation et construction de courts de tennis","isPartOf":{"@id":"https:\/\/renovation-court-tennis.fr\/#website"},"datePublished":"2026-01-04T10:54:18+00:00","breadcrumb":{"@id":"https:\/\/renovation-court-tennis.fr\/index.php\/renovation-court-de-tennis-chartres\/#breadcrumb"},"inLanguage":"fr-FR","potentialAction":[{"@type":"ReadAction","target":["https:\/\/renovation-court-tennis.fr\/index.php\/renovation-court-de-tennis-chartres\/"]}]},{"@type":"BreadcrumbList","@id":"https:\/\/renovation-court-tennis.fr\/index.php\/renovation-court-de-tennis-chartres\/#breadcrumb","itemListElement":[{"@type":"ListItem","position":1,"name":"Accueil","item":"https:\/\/renovation-court-tennis.fr\/"},{"@type":"ListItem","position":2,"name":"r\u00e9novation court de tennis Chartres"}]},{"@type":"WebSite","@id":"https:\/\/renovation-court-tennis.fr\/#website","url":"https:\/\/renovation-court-tennis.fr\/","name":"R\u00e9novation et construction de courts de tennis","description":"R\u00e9novation et construction de court  de tennis","publisher":{"@id":"https:\/\/renovation-court-tennis.fr\/#organization"},"potentialAction":[{"@type":"SearchAction","target":{"@type":"EntryPoint","urlTemplate":"https:\/\/renovation-court-tennis.fr\/?s={search_term_string}"},"query-input":{"@type":"PropertyValueSpecification","valueRequired":true,"valueName":"search_term_string"}}],"inLanguage":"fr-FR"},{"@type":"Organization","@id":"https:\/\/renovation-court-tennis.fr\/#organization","name":"R\u00e9novation et construction de courts de tennis","url":"https:\/\/renovation-court-tennis.fr\/","logo":{"@type":"ImageObject","inLanguage":"fr-FR","@id":"https:\/\/renovation-court-tennis.fr\/#\/schema\/logo\/image\/","url":"https:\/\/renovation-court-tennis.fr\/wp-content\/uploads\/2025\/12\/cropped-838_gettyimages-699154801.jpg","contentUrl":"https:\/\/renovation-court-tennis.fr\/wp-content\/uploads\/2025\/12\/cropped-838_gettyimages-699154801.jpg","width":838,"height":445,"caption":"R\u00e9novation et construction de courts de tennis"},"image":{"@id":"https:\/\/renovation-court-tennis.fr\/#\/schema\/logo\/image\/"}}]}},"_links":{"self":[{"href":"https:\/\/renovation-court-tennis.fr\/index.php\/wp-json\/wp\/v2\/pages\/545","targetHints":{"allow":["GET"]}}],"collection":[{"href":"https:\/\/renovation-court-tennis.fr\/index.php\/wp-json\/wp\/v2\/pages"}],"about":[{"href":"https:\/\/renovation-court-tennis.fr\/index.php\/wp-json\/wp\/v2\/types\/page"}],"author":[{"embeddable":true,"href":"https:\/\/renovation-court-tennis.fr\/index.php\/wp-json\/wp\/v2\/users\/1"}],"replies":[{"embeddable":true,"href":"https:\/\/renovation-court-tennis.fr\/index.php\/wp-json\/wp\/v2\/comments?post=545"}],"version-history":[{"count":1,"href":"https:\/\/renovation-court-tennis.fr\/index.php\/wp-json\/wp\/v2\/pages\/545\/revisions"}],"predecessor-version":[{"id":548,"href":"https:\/\/renovation-court-tennis.fr\/index.php\/wp-json\/wp\/v2\/pages\/545\/revisions\/548"}],"wp:attachment":[{"href":"https:\/\/renovation-court-tennis.fr\/index.php\/wp-json\/wp\/v2\/media?parent=545"}],"curies":[{"name":"wp","href":"https:\/\/api.w.org\/{rel}","templated":true}]}}